3577) + (-38 - -4 - -1).
-42
-18 - (-72 + 116 - (-1 - -3))
-60
What is the value of 20 + (-63 - -37) + -24 + -6?
-36
19 - -1 - (44 + (-12 - (-47 - -58)))
-1
Evaluate -16 + 12 + 8 - 23 - 36.
-55
What is (84 + 1 - 1) + (20 - (-16 + 23) - 18)?
79
9 + -7 + -33 + 4 + 13
-14
Calculate 0 - ((-20 - -16) + -1 + 0).
5
What is 1 + (0 - 9) + -82 + 89 + 1?
0
What is the value of (-42 - 25) + 116 + -20?
29
Calculate 35 - (5 + (-19 - -5) - (-11 - 1)).
32
What is -95 + (-33 + 32 - (8 + (26 - 15)))?
-115
Calculate (0 - 10 - ((205 - 215) + (0 - 30))) + -9.
21
What is -45 - (-15 + -71 + 82)?
-41
Calculate 81 - (-119 + 111 + 3 + -2 + -3 + 7).
84
-585 + 608 - (14 - 13)
22
-992 + 1065 + 0 + -34 + -22
17
((2 - 1) + -11 - (0 + -20)) + 3 + 32
45
Calculate 8 + -12 + (-55 - -42).
-17
Evaluate (-1 - (12 - 28) - 26) + 14.
3
What is the value of -25 + -22 + -13 + (20 - 5)?
-45
What is the value of 1 + -15 + (-53 - -28) + 21 + -9?
-27
Evaluate (-2 - 1) + 64 + 2 + 21262 + -21246.
79
Evaluate (-16 + (3 - 0) - (91 + -102)) + -19.
-21
What is (-118 + 245 - (19 + 4)) + (-8 - (0 - -2))?
94
What is -38 - (37 - (-17 + (-10 - -191)))?
89
-23 + 19 - ((0 - -23) + (-32 - -35))
-30
What is (142 - 90) + -174 - (-1 + -36)?
-85
Calculate -79 - (22 + (33 - 93)).
-41
What is the value of -38 + 165 - (-4 - 1 - (0 + -12))?
120
(146 - 4) + -104 + 1 + -19
20
What is the value of 25 - (33 + -53 + 14 + 4)?
27
What is the value of -5 + 2 + -15 + 2 + 4 + 96?
84
Evaluate -11 - ((17 - 20 - 3) + -50 - 6).
51
Calculate (-25 - 14) + 56 + 18.
35
What is 276 + -233 + -128 + 216?
131
-1 - (-1 - (-1 - -2)) - (-6024 + 5972)
53
What is the value of -8 + (11 + -19 - (4 + -10) - -16)?
6
Evaluate 71 + 2 + 0 - (-43 + -27 + 17 + 50).
76
Evaluate (-6723 - -6697) + (0 - -74).
48
What is the value of -17 + 7 + (-7 - 0) + -26 + (32 - -4)?
-7
What is 107 - (6 - (21 + -25) - (-3 + 1))?
95
Calculate (24 + -16 - 13) + (40 - 10) + -8 + 3.
20
(-2183 - -2042) + (3 - -87)
-51
-138 + 120 + 54 - 92
-56
Evaluate (22 - -1) + -8 + (39 + 11 - 17 - 19).
29
What is the value of -32 + (-24 - -72) + 25?
41
Calculate (14 - 40 - (-42 + 27)) + 117.
106
What is the value of (-2 - 4) + 9214 + -9213?
-5
What is 4 + (-5 - -5) + (51 - 9)?
46
(0 - -1) + -14 + (-23 - -38) + -1
1
-2304 + 2304 + (5 - 4 - (31 + -2))
-28
Calculate 22 + (12 - (-88 - -65)).
57
(5 - 3) + -3 - (8 - 1 - -3)
-11
What is the value of 1 + 72 - (7405 + -7292)?
-40
Calculate 13 - 0 - ((43 - 55) + 40).
-15
Evaluate -63 + 0 + (9 - 9) + -21 - -21.
-63
What is (2 - 2) + 10 - (1203 + -1219)?
26
Evaluate -43 - (-2 + 9 + (22 - 10) + -9).
-53
-33 + (-5 + 2 - -7) + (-13 - (23 + -27))
-38
What is -42 + 20 - -31 - (47 + 0 - 4)?
-34
168 + 14 + -98 + -1 + -4
79
What is the value of (-7 - (-3 + 5)) + -4362 + 4434?
63
What is the value of -16 - ((-5 - 2) + -1 + (331 + -105 - 90))?
-144
What is the value of -85 + 61 + 3 + -24?
-45
What is 10 + 5 + (47 - 10 - 8) - -2 - -7?
53
Evaluate -7 + -49 - (56 - 88).
-24
What is the value of 128 + (-76 - 64) - (-1 + 26)?
-37
What is the value of (-10 - (8 + (-13 - 3))) + 11 + -1 - 15?
-7
Calculate 5 + 1 - (-36 + 169 + -16 - 9).
-102
What is 7 + -19 + 16 + -18 + -11?
-25
Evaluate (-20 - 2) + (91 - 63) - -16.
22
What is 35 + 489 + -460 + (-13 - (4 - 2))?
49
-31 - 2 - (-5 - -50)
-78
What is 24 - (-3 + 5) - (20 + -22 - -3)?
21
59 + (-11 - 23) - (15 - 7)
17
What is 148 + 106 + -269 - (-2 + 1 + -2)?
-12
Evaluate (72 - -1) + (359 - 467).
-35
What is the value of 30 - -2 - (-31 + 14 - -17)?
32
What is the value of -137 + 282 + -409 + 134?
-130
Evaluate (54 - 35) + (-109 - -10).
-80
What is the value of (2 - (0 + 0 + 1)) + 22 + 17?
40
Calculate -57 - (-76 + -134 - -98).
55
Calculate -214 - -218 - (5 + -3 - -11) - (44 + -3).
-50
What is the value of -30 + (-67 - (31 + -23 - 28))?
-77
-16 + 22 + 1 + 2 + -3 + -10
-4
Calculate 5 - (-2 + 2 - (-54 + 46)) - 64.
-67
What is -69 + (26 - 8) - -44?
-7
-30 + (-24 - (-96 - -44)) - (-1 - 4)
3
67 + -48 + 16 + (-8 - -14 - 1 - 6)
34
What is -267 + 294 + (3 - 113)?
-83
What is 0 + -126 + -138 + (23 - -151)?
-90
Evaluate -26 + (71 - -20) + -45.
20
(54 - -1) + (-455 - -366)
-34
Evaluate -210 + 157 - (17 + -9 + -21).
-40
Evaluate (-8 - -2) + -6 - -14 - 6.
-4
What is the value of 82 - (5 + 0 + 15 - (8 - -6)) - -10?
86
What is (190 - 293) + 9 + (-2 - 0) + 1?
-95
Calculate 29 + (2 - -7) + (-19 - (-26 + 7)).
38
Evaluate 9 + (-20 - 6) + 28 - -25.
36
Evaluate -296 + 267 - (-1 - 19).
-9
Calculate (-2 + 16 - 0) + -9 + (17 - 9 - 9).
4
What is (-134 - (41 + -28)) + (-29 - -70)?
-106
What is the value of (8 - (5 - 1)) + 2 - -9?
15
19 - (1 - 2) - (62 - (-23 + 94))
29
Evaluate -9 - -20 - (20 - 52).
43
Calculate 54 - ((52 - -29) + 34).
-61
Evaluate -87 + -110 + 142 + -31.
-86
-26 - -4 - (-8 + 7) - (-32 - (-3 + -19))
-11
(-4 - ((184 - 180) + (-9 - -1)) - -3) + -85
-82
What is 63 - (51 - -76) - (-2 - 1 - -4)?
-65
Evaluate (118 - 112) + 0 + -5 + (2 - -1).
4
What is (-99 - -63) + -10 - -132?
86
What is -27 - (17 - (4 - (7 - 14) - 15))?
-48
What is the value of -121 + 132 + (-3 + -1 - (-9 + (-2 - -6)))?
12
What is the value of -15 + -2 - (-284 - -305 - (7 - 3))?
-34
What is the value of (-12 - (-17 - -8) - -5) + (-32 + 45 - -2)?
17
Evaluate (63 - -2) + 8 + -34.
39
Calculate -21 + (59 - 33) + 20 - 53.
-28
What is the value of (13 - (-30 + (4 - -39))) + (-10 - 1)?
-11
Calculate -5 + -62 + 8 - (21 + 14 + -38).
-56
What is the value of 30 + -49 + -97 + 65?
-51
Evaluate 19 - -5 - (-29 + 23 + 0 - -142).
-112
What is the value of -4 + (12 - -13) + -11 + (1 - -1) - 30?
-18
Calculate -3 - (2 + 4 + -6 + -1) - (-34 - -24).
8
Evaluate 66 + -3 + (0 - 8) + (46 - 36).
65
Evaluate 26 + ((2 - -2) + -19 + 8 - -12).
31
Calculate 8 - -1 - (0 + (-5 - 1) + 2 + 12).
1
What is 115 - ((1 - (71 - 6)) + 44)?
135
Evaluate (-16 - 0) + (-434 - -465 - (32 - 0)).
-17
Calculate 249 + -145 - (23 + -8 + -5).
94
What is -16 - ((7 - 12 - 17) + 15)?
-9
What is -50 + (7 + (11 - 14) - -12)?
-34
Calculate 250 + 27 + -159 - 204.
-86
Calculate 5 + 103 - (-69 - (77 + -124)).
130
What is -3 - (184 + -162) - (-65 - 0)?
40
What is the value of (-121 - 8) + 83 + -50?
-96
108 + -5 + -25 - (-5 - 5 - -10)
78
Evaluate (4 - 26) + 9 + (-52 - -16) + 22.
-27
What is the value of (-3 - -1 - (-315 - -305)) + 13?
21
Calculate 1 + 13 + (-47 - (-10 + -13) - 11).
-21
What is the value of (8 - 10) + -45 + 50?
3
What is the value of (-6 - (19 - 16)) + -16 - (0 + -9)?
-16
-956 - -952 - ((67 - -4) + 1)
-76
Calculate -38 - (1 - (-34 + 38)).
-35
What is the value of 2 - ((2 - -16) + (-21 + 10 - 5) + 7)?
-7
What is the value of -1898 - -1979 - (4 - 16)?
93
What is 27 + (93 - 170) + 1 + 9 + 2?
-38
Calculate (-9 + (6 - 2) - (-29 + 33)) + -34.
-43
What is the value of (8 + -8 - -30) + -50?
-20
Evaluate (-14 + 9 - 0 - -55 - 1) + (39 - 33).
55
Calculate 8 + -11 + -86 + -6 + (-2 - 2) + 1.
-98
Evaluate 119 - ((-17 - (-218 + 209 - (2 + -1))) + 3).
123
Calculate -176 + 210 - (9 + 7 + -33).
51
Calculate 13 - ((8 - 35) + 36 + -3 + -33).
40
What is 0 + 0 + 272 + -262 - -3 - -33?
46
Calculate -5 + 1 - ((2 - 11) + (59 - 5) + -11).
-38
Calculate 66 - 60 - (2 + -7 + -13).
24
What is the value of 135 + -99 - ((4 - 5 - -1) + -6)?
42
Evaluate 77 + 2 + (-2056 - -1959).
-18
(-1 - -54) + 102 + -134 + 32
53
Calculate 0 - (-1 + 3 - (-52 + -20 - -45)).
-29
What is -13 - 1 - (-22 - 16 - 9 - -14)?
19
17 + -53 - -26 - (-5 - 19)
14
2 + 0 - 45 - 4 - (20 + -32)
-35
(114 - -117 - 218) + (-2 - -4) + -5
10
Evaluate 25 - (7 - (-53 + 33)).
-2
Evaluate (-46 - (-15 + -13)) + -25.
-43
Evaluate 52 + (-16 + -4 + 8 + 7 - (-5 - -2)).
50
What is the value of -2 - (0 + 18 - (0 + 12 - (3 - 3)))?
-8
18 - (4 + -13 + (-9 - -19))
17
What is -37 + 14 - (100 + -142)?
19
0 + (5 - 3) + -1 + -4 + (-273 - -333)
57
-14 + (18 - -55) + -36
23
What is -1 + -20 + 2 + -8844 + 8897?
34
Evaluate 119 - (120 + -113 + 47).
65
What is the value of -229 + 147 - -149 - -38?
105
Calculate (60 + -81 - (-58 - -17)) + 0 + 6.
26
What is the value of (-202 - -192) + -2 + (1 - -1)?
-10
Calculate -9 + 1 + 71 + -90 - 11.
-38
What is -23 + 175 - (-18 + 107)?
63
What is 13 + (10 - 20) + 1 + -23 + -28?
-47
13 - (-2 + 163 - (621 + -592))
-119
Calculate (-6 - (-7 - 38)) + (-6 + 55 - 29).
59
What is the value of 1 - (-4 + -9 + 6 + 7) - (80 + -147)?
68
Evaluate -16 - (-7 - (-21 + 6) - 2).
-22
Calcul